 210 and 240?
30
Calculate the greatest common factor of 7 and 21.
7
What is the highest common factor of 1080 and 225?
45
Calculate the highest common factor of 16 and 328.
8
What is the greatest common divisor of 168 and 5936?
56
What is the highest common factor of 1024 and 32?
32
Calculate the highest common factor of 28 and 434.
14
What is the greatest common factor of 2050 and 2150?
50
What is the greatest common factor of 15 and 105?
15
What is the highest common divisor of 57 and 1653?
57
Calculate the greatest common factor of 8382 and 11.
11
Calculate the highest common factor of 558 and 18.
18
What is the greatest common divisor of 5611 and 1448?
181
What is the highest common divisor of 588 and 6027?
147
Calculate the greatest common divisor of 1242 and 18.
18
Calculate the greatest common divisor of 5445 and 66.
33
What is the greatest common divisor of 234 and 962?
26
What is the highest common factor of 2792 and 256?
8
Calculate the greatest common factor of 15 and 30390.
15
What is the highest common factor of 80 and 64?
16
What is the greatest common factor of 260 and 20?
20
Calculate the highest common factor of 15 and 885.
15
Calculate the greatest common divisor of 2 and 166.
2
Calculate the greatest common divisor of 15 and 69.
3
What is the greatest common factor of 16 and 1264?
16
Calculate the greatest common divisor of 6 and 162.
6
What is the highest common divisor of 423 and 282?
141
Calculate the greatest common divisor of 987 and 84.
21
Calculate the greatest common factor of 1015 and 14645.
145
Calculate the highest common divisor of 12 and 60.
12
What is the highest common factor of 240 and 1776?
48
What is the highest common factor of 4260 and 60?
60
What is the highest common divisor of 19372 and 812?
116
Calculate the highest common divisor of 2047 and 276.
23
Calculate the greatest common divisor of 272 and 68.
68
Calculate the greatest common divisor of 3 and 7.
1
Calculate the greatest common factor of 16 and 5352.
8
What is the highest common divisor of 792 and 165?
33
What is the greatest common divisor of 36 and 522?
18
What is the greatest common divisor of 438 and 246?
6
Calculate the highest common divisor of 250 and 275.
25
What is the greatest common divisor of 15 and 201?
3
What is the highest common divisor of 159 and 42294?
159
Calculate the greatest common divisor of 30 and 65.
5
What is the greatest common factor of 8255 and 390?
65
What is the greatest common divisor of 65 and 3146?
13
Calculate the greatest common factor of 44 and 22.
22
Calculate the greatest common divisor of 351 and 36.
9
Calculate the highest common divisor of 411 and 2603.
137
What is the greatest common divisor of 248 and 806?
62
Calculate the greatest common divisor of 24 and 172.
4
What is the highest common factor of 1536 and 21?
3
What is the highest common factor of 2142 and 84?
42
Calculate the greatest common divisor of 2034 and 18.
18
What is the greatest common divisor of 316 and 32?
4
What is the highest common divisor of 437 and 19?
19
Calculate the highest common divisor of 20 and 36.
4
What is the greatest common divisor of 2834 and 26?
26
What is the highest common divisor of 21 and 3357?
3
What is the greatest common divisor of 20596 and 76?
76
Calculate the highest common factor of 16 and 16.
16
Calculate the highest common divisor of 144 and 2232.
72
Calculate the greatest common factor of 2376 and 22.
22
What is the highest common divisor of 12 and 5100?
12
What is the highest common divisor of 58 and 1102?
58
Calculate the greatest common factor of 1120 and 70.
70
Calculate the greatest common divisor of 69 and 3565.
23
Calculate the highest common divisor of 136 and 22508.
68
What is the greatest common factor of 10 and 35?
5
What is the highest common divisor of 4 and 228?
4
Calculate the highest common factor of 12 and 14064.
12
Calculate the greatest common factor of 112 and 48.
16
What is the highest common divisor of 12100 and 100?
100
Calculate the highest common factor of 175 and 6300.
175
What is the greatest common divisor of 1011 and 9?
3
Calculate the greatest common divisor of 52822 and 22.
22
What is the highest common factor of 6480 and 16?
16
Calculate the highest common factor of 767 and 104.
13
Calculate the highest common divisor of 26 and 195.
13
Calculate the greatest common factor of 1612 and 52.
52
What is the greatest common divisor of 108 and 8412?
12
What is the greatest common factor of 180 and 560?
20
What is the highest common factor of 4608 and 18?
18
Calculate the highest common divisor of 2277 and 495.
99
Calculate the highest common divisor of 34 and 51.
17
Calculate the greatest common divisor of 108 and 270.
54
What is the greatest common divisor of 453 and 9?
3
What is the greatest common factor of 108 and 81?
27
What is the greatest common divisor of 29458 and 11?
11
Calculate the highest common factor of 16 and 104.
8
What is the highest common factor of 23 and 989?
23
Calculate the greatest common divisor of 9723 and 147.
21
What is the highest common divisor of 25 and 925?
25
What is the highest common divisor of 60 and 220?
20
Calculate the highest common factor of 350 and 5516.
14
What is the greatest common factor of 44 and 209?
11
Calculate the highest common factor of 1 and 3.
1
What is the greatest common divisor of 377 and 29?
29
What is the highest common divisor of 192 and 120?
24
What is the greatest common factor of 138 and 1587?
69
What is the greatest common factor of 10089 and 118?
59
What is the highest common divisor of 370 and 666?
74
Calculate the greatest common factor of 15 and 46815.
15
What is the greatest common divisor of 22 and 6?
2
What is the highest common divisor of 874 and 230?
46
Calculate the highest common divisor of 28282 and 316.
158
What is the greatest common factor of 90 and 120?
30
What is the greatest common factor of 194 and 36860?
194
Calculate the greatest common factor of 1140 and 95.
95
What is the highest common divisor of 1377 and 162?
81
Calculate the greatest common factor of 153 and 2529.
9
What is the greatest common factor of 528 and 5040?
48
What is the highest common divisor of 196 and 616?
28
What is the highest common factor of 1102 and 57?
19
Calculate the highest common factor of 8 and 488.
8
What is the highest common factor of 11741 and 59?
59
Calculate the greatest common factor of 24 and 152.
8
Calculate the highest common factor of 516 and 1634.
86
Calculate the highest common factor of 2169 and 3856.
241
What is the greatest common factor of 168 and 4620?
84
What is the greatest common divisor of 14 and 8?
2
Calculate the highest common divisor of 330 and 15070.
110
What is the greatest common factor of 850 and 100?
50
What is the greatest common factor of 56 and 3?
1
What is the greatest common divisor of 4756 and 174?
58
Calculate the greatest common factor of 4 and 116.
4
Calculate the greatest common divisor of 49 and 189.
7
What is the greatest common divisor of 114 and 1786?
38
What is the highest common divisor of 34 and 4097?
17
Calculate the greatest common divisor of 13 and 123643.
13
Calculate the highest common divisor of 9572 and 12.
4
What is the greatest common divisor of 22 and 462?
22
Calculate the highest common factor of 219 and 146.
73
What is the highest common divisor of 460 and 180?
20
Calculate the greatest common divisor of 31 and 1271.
31
What is the highest common divisor of 741 and 19513?
247
Calculate the greatest common divisor of 140 and 7070.
70
Calculate the greatest common factor of 153 and 27693.
153
Calculate the highest common factor of 2 and 1534.
2
What is the greatest common factor of 116 and 87?
29
What is the highest common divisor of 64 and 48?
16
Calculate the highest common factor of 280 and 196.
28
What is the greatest common factor of 1232 and 462?
154
What is the greatest common factor of 1649 and 679?
97
Calculate the greatest common factor of 38 and 2.
2
What is the highest common divisor of 33 and 275?
11
Calculate the highest common divisor of 68 and 1071.
17
Calculate the highest common factor of 330 and 30.
30
Calculate the highest common factor of 25 and 3325.
25
What is the highest common factor of 3333 and 33?
33
Calculate the highest com